18685
In base 13, what is 10753 - 25b0?
b173
In base 4, what is -1302 - 211111132?
-211113100
In base 8, what is -1670324 + -5565?
-1676111
In base 2, what is -1100 + -10010110001001110111?
-10010110001010000011
In base 9, what is 40340 - -44516?
84856
In base 5, what is 24134013441 - -110?
24134014101
In base 2, what is 11 + 100011000010100001011011?
100011000010100001011110
In base 9, what is -10181775 - -37?
-10181737
In base 15, what is -44edc + -3?
-44ee0
In base 8, what is -5 + -4024214?
-4024221
In base 7, what is 3 - -6013652?
6013655
In base 13, what is -617769 + -29?
-617795
In base 14, what is -9 + -1a3143?
-1a314c
In base 2, what is 1001011000101110000110 + 100?
1001011000101110001010
In base 10, what is 8 + -52275468?
-52275460
In base 6, what is -33 - -511032221?
511032144
In base 9, what is -8 + -53851633?
-53851642
In base 8, what is -376 - 6334?
-6732
In base 3, what is 11001102222 - 122?
11001102100
In base 2, what is 1 + -101010111110100111101?
-101010111110100111100
In base 5, what is 4 - 120023224?
-120023220
In base 12, what is -1 - 18b8347a?
-18b8347b
In base 2, what is 10000010101100010 + 100000100101?
10000110110000111
In base 7, what is 1026210013 + 4?
1026210020
In base 8, what is 74275 + -3171?
71104
In base 6, what is -434512445 - -1?
-434512444
In base 13, what is -171083 - 17?
-17109a
In base 14, what is -2 + -3cd125?
-3cd127
In base 8, what is 4 - -3161363?
3161367
In base 5, what is -10 + 144021333320?
144021333310
In base 10, what is 100180 - -58?
100238
In base 4, what is -31210310 - 202221?
-32013131
In base 8, what is 0 + -105017?
-105017
In base 12, what is 10b1b435 - -5?
10b1b43a
In base 13, what is 3a86c - 1a82?
38aba
In base 11, what is 12656 + 229?
12884
In base 11, what is 2 - -927a066?
927a068
In base 5, what is 13210223104 - -1?
13210223110
In base 16, what is -3c741 + 942?
-3bdff
In base 9, what is 2846116261 - -2?
2846116263
In base 12, what is 85 - 328b3?
-3282a
In base 3, what is 10120 - -2011002122210?
2011002210100
In base 16, what is -17074 + 49?
-1702b
In base 8, what is 517 + 112614?
113333
In base 10, what is -7663272 + -4?
-7663276
In base 15, what is -1c76 + -20c?
-1e83
In base 9, what is -175841402 + 13?
-175841378
In base 2, what is 101100011101001100 + 1010?
101100011101010110
In base 6, what is 10055151513 + -2?
10055151511
In base 8, what is 3037702 + 20?
3037722
In base 14, what is 553 - -aa27?
b17a
In base 15, what is 9384a58e - -3?
9384a592
In base 5, what is 1003 - 21143412?
-21142404
In base 2, what is 11110000101111110001 + 100010?
11110000110000010011
In base 13, what is -682b + -19154?
-22982
In base 16, what is 26231 - -32?
26263
In base 11, what is 174 - -165209?
165382
In base 9, what is 22 - -20712043?
20712065
In base 3, what is 2022221001121121 + 12?
2022221001121210
In base 13, what is 6 + 20293b9?
20293c2
In base 16, what is -8273 - 178a?
-99fd
In base 9, what is 222205 - -58?
222264
In base 12, what is -1 + -12225827?
-12225828
In base 14, what is a0d868 - 2?
a0d866
In base 15, what is -44784bc - 0?
-44784bc
In base 6, what is -2334251 - -11541?
-2322310
In base 7, what is 263 - 354630?
-354334
In base 10, what is 50899551 - -3?
50899554
In base 12, what is -6b4 + 1827?
1133
In base 3, what is -12212212002 - 21001?
-12220010010
In base 8, what is -3727 + 76143?
72214
In base 7, what is 4323 - -332151?
336504
In base 16, what is -28 - 4d9dfb?
-4d9e23
In base 3, what is -201112 - -101012020002?
101011111120
In base 10, what is -2510 - -19430?
16920
In base 2, what is -1001 - -111101010010011110010101?
111101010010011110001100
In base 16, what is -5832 - -1d6?
-565c
In base 14, what is 7 + -22b014?
-22b00b
In base 11, what is 2005159 - 73?
2005096
In base 16, what is -384 - -413a?
3db6
In base 6, what is 2455540000 - -3?
2455540003
In base 11, what is -4 + 10a447754?
10a447750
In base 9, what is 1 - 337057273?
-337057272
In base 2, what is 1110110100101110010 - -1001000111?
1110110101110111001
In base 3, what is -121201120002011 + 11?
-121201120002000
In base 5, what is 2303132232 + 20?
2303132302
In base 2, what is -10010110110010 - -10101110010?
-10000001000000
In base 3, what is 200 - 10020212211112?
-10020212210212
In base 2, what is -1100000010001010 + 10111100111?
-1011101010100011
In base 6, what is 1014013232 + 35?
1014013311
In base 11, what is -18a3493 + -2?
-18a3495
In base 7, what is 3153005 + -30?
3152645
In base 5, what is -3204134122 - -12?
-3204134110
In base 8, what is 544053 + 1425?
545500
In base 11, what is 849 + -18174?
-17426
In base 16, what is -176 + -1cb6c0?
-1cb836
In base 14, what is -5abb30 - b?
-5abb3b
In base 16, what is b8fe - -9b?
b999
In base 2, what is 1111111 - -11110111010111110?
11110111100111101
In base 9, what is -28306 + 1271?
-27025
In base 9, what is -12322 - -53157?
40735
In base 7, what is -3 + -40535443?
-40535446
In base 9, what is -1023000 + -5?
-1023005
In base 2, what is 10000111111110000111001101 - -1?
10000111111110000111001110
In base 10, what is 182447010 - 5?
182447005
In base 9, what is -15 + -61687?
-61713
In base 3, what is 11 + 211011111200201?
211011111200212
In base 14, what is b - -2445c?
24469
In base 6, what is 11531534 - -45?
11532023
In base 6, what is -542 + -220535?
-221521
In base 15, what is -421 - -2327?
1e06
In base 9, what is -48 + -607212?
-607261
In base 7, what is 26 + -543003?
-542644
In base 11, what is 4159a90 - 2?
4159a89
In base 7, what is -2541336 + 0?
-2541336
In base 13, what is -969 - 123?
-a8c
In base 3, what is -10120 - 100020212100?
-100020222220
In base 10, what is -2 - 5569927?
-5569929
In base 9, what is -14 - -650646?
650632
In base 5, what is 4114 + -430344?
-421230
In base 9, what is 3675664 - 25?
3675638
In base 11, what is -7a879 + -85?
-7a953
In base 10, what is -8 - -995763?
995755
In base 6, what is 124 + 2335021?
2335145
In base 15, what is 28169 + -3?
28166
In base 6, what is -10145 + -4?
-10153
In base 13, what is 325 - -3146?
346b
In base 6, what is 14305213110 + 3?
14305213113
In base 16, what is -4 + -2fd37?
-2fd3b
In base 9, what is -1820 - 7037?
-8857
In base 11, what is 704aa61 - -22?
704aa83
In base 6, what is -12311 - 15021?
-31332
In base 7, what is -563265 - -134?
-563131
In base 8, what is 102112232 - 4?
102112226
In base 12, what is -55aa1b6 + b?
-55aa1a7
In base 15, what is -39e40 - -7c?
-39db3
In base 6, what is 401 - 5042431?
-5042030
In base 14, what is -5 - dc603?
-dc608
In base 7, what is -1222243 + -120?
-1222363
In base 6, what is -5 + 24050312?
24050303
In base 4, what is -3012 + -10031001?
-10100013
In base 8, what is 137246 - -226?
137474
In base 11, what is 468789 - -15?
4687a3
In base 15, what is -6800 + -4897?
-b197
In base 10, what is 145013 + -4?
145009
In base 15, what is 678aaee - -1?
678ab00
In base 9, what is 55851 + 24?
55875
In base 14, what is 3142b - 1d?
3140c
In base 2, what is -111001111 + -11011101010100101100?
-11011101011011111011
In base 15, what is 11d3dab - 2?
11d3da9
In base 5, what is -113313443310 - -10?
-113313443300
In base 8, what is -600727 + -70?
-601017
In base 2, what is 1000000000011011001100011 + -11?
1000000000011011001100000
In base 10, what is 318 - -340?
658
In base 10, what is 1118102 + 25?
1118127
In base 9, what is -45774045 + -2?
-45774047
In base 13, what is 410916 + -2?
410914
In base 4, what is -10 - 31123000310312?
-31123000310322
In base 5, what is 22432 - 114441?
-42004
In base 16, what is 389d + -5130?
-1893
In base 14, what is 18cd48 + 74?
18cdbc
In base 3, what is -10201122020212 - 1222?
-10201122022211
In base 13, what is 10 + -26bb596?
-26bb586
In base 10, what is -860435 - 3?
-860438
In base 5, what is -212241213220 - -2?
-212241213213
In base 7, what is 30 - -2415625?
2415655
In base 3, what is -11112102101112101 - 2?
-11112102101112110
In base 15, what is cd616 + 14?
cd62a
In base 12, what is 2bbb3 + 318?
3030b
In base 7, what is 6 + 1330111403?
1330111412
In base 4, what is -11 - 323023000202?
-323023000213
In base 11, what is -9 - -2606204?
26061a6
In base 12, what is 2374b184 + 2?
2374b186
In base 7, what is -2643 - -101416?
65443
In base 9, what is 107666503 - 4?
107666488
In base 16, what is 9 + -b0d?
-b04
In base 11, what is 2 + -125112a?
-1251128
In base 12, what is 1631a49 + -4?
1